{"id":1478,"date":"2021-03-27T18:00:03","date_gmt":"2021-03-27T18:00:03","guid":{"rendered":"https:\/\/meinekarriere.info\/?page_id=1478"},"modified":"2021-03-30T08:45:26","modified_gmt":"2021-03-30T08:45:26","slug":"die-wichtigsten-projekte","status":"publish","type":"page","link":"https:\/\/meinekarriere.info\/?page_id=1478","title":{"rendered":"Die wichtigsten Projekte"},"content":{"rendered":"\n<div class=\"wp-block-media-text alignwide is-stacked-on-mobile\"><figure class=\"wp-block-media-text__media\"><img loading=\"lazy\" width=\"500\" height=\"250\" src=\"https:\/\/meinekarriere.info\/wp-content\/uploads\/2021\/03\/5.jpg\" alt=\"\" class=\"wp-image-1479 size-full\" srcset=\"https:\/\/meinekarriere.info\/wp-content\/uploads\/2021\/03\/5.jpg 500w, https:\/\/meinekarriere.info\/wp-content\/uploads\/2021\/03\/5-300x150.jpg 300w\" sizes=\"(max-width: 500px) 100vw, 500px\" \/><\/figure><div class=\"wp-block-media-text__content\">\n<p>ERSTE BANK &#8211; SPARKASSEN GRUPPE<\/p>\n\n\n\n<p>Als Projekt-Leiterin war ich f\u00fcr die Umstellung des rot-schwarz-wei\u00dfen Sparkassen-Designs auf das \u00f6sterreichische blau-rote Design verantwortlich und habe die regionalen Sparkassen bei der Umstellung betreut (Neuauflage aller Werbemittel und Drucksorten, bauliche Ver\u00e4nderungen, etc.).<\/p>\n<\/div><\/div>\n\n\n\n<div class=\"wp-block-media-text alignwide is-stacked-on-mobile\"><figure class=\"wp-block-media-text__media\"><img loading=\"lazy\" width=\"500\" height=\"250\" src=\"https:\/\/meinekarriere.info\/wp-content\/uploads\/2021\/03\/2.jpg\" alt=\"\" class=\"wp-image-1480 size-full\" srcset=\"https:\/\/meinekarriere.info\/wp-content\/uploads\/2021\/03\/2.jpg 500w, https:\/\/meinekarriere.info\/wp-content\/uploads\/2021\/03\/2-300x150.jpg 300w\" sizes=\"(max-width: 500px) 100vw, 500px\" \/><\/figure><div class=\"wp-block-media-text__content\">\n<p>CAF\u00c8 RESTAURANT BIENENSTICH<br>in Tirol &#8211; abseits jeglicher Laufkundschaft<\/p>\n\n\n\n<p>Als externe Beraterin konnte ich 45% Umsatzsteigerung mittels gezielter Planung aller Werbema\u00dfnahmen (vor allem im Bereich Social-Media), Redesign der Corporate Identity (z.B. Bild-Konzept), \u00dcberarbeitung des Speisenkonzeptes, \u00d6ffentlichkeitsarbeit, Aufbau regionaler Kooperationen und au\u00dfergew\u00f6hnlicher Themenschwerpunkte (Strand in den Bergen, Flying-Buffet, &#8230;) erreichen!<\/p>\n<\/div><\/div>\n\n\n\n<div class=\"wp-block-media-text alignwide is-stacked-on-mobile\"><figure class=\"wp-block-media-text__media\"><img loading=\"lazy\" width=\"500\" height=\"250\" src=\"https:\/\/meinekarriere.info\/wp-content\/uploads\/2021\/03\/1.jpg\" alt=\"\" class=\"wp-image-1481 size-full\" srcset=\"https:\/\/meinekarriere.info\/wp-content\/uploads\/2021\/03\/1.jpg 500w, https:\/\/meinekarriere.info\/wp-content\/uploads\/2021\/03\/1-300x150.jpg 300w\" sizes=\"(max-width: 500px) 100vw, 500px\" \/><\/figure><div class=\"wp-block-media-text__content\">\n<p><a href=\"http:\/\/www.sehner-immobilien.de\/\" target=\"_blank\" rel=\"noreferrer noopener\">SEHNER IMMOBILIEN<br><\/a>Ein damals neu gegr\u00fcndetes Immobilien-B\u00fcro am M\u00f6hnesee.<\/p>\n\n\n\n<p>Als externe Beraterin konnte ich &#8211; durch den Einsatz kosteng\u00fcnstiger, kreativer Werbem\u00f6glichkeiten &#8211; die Marke Sehner Immobilien in der Region bekannt machen.<\/p>\n<\/div><\/div>\n\n\n\n<div class=\"wp-block-media-text alignwide is-stacked-on-mobile\"><figure class=\"wp-block-media-text__media\"><img loading=\"lazy\" width=\"500\" height=\"250\" src=\"https:\/\/meinekarriere.info\/wp-content\/uploads\/2021\/03\/6.jpg\" alt=\"\" class=\"wp-image-1482 size-full\" srcset=\"https:\/\/meinekarriere.info\/wp-content\/uploads\/2021\/03\/6.jpg 500w, https:\/\/meinekarriere.info\/wp-content\/uploads\/2021\/03\/6-300x150.jpg 300w\" sizes=\"(max-width: 500px) 100vw, 500px\" \/><\/figure><div class=\"wp-block-media-text__content\">\n<p>DENZEL AG<br>f\u00fchrender Automobil-Mehrmarkenh\u00e4ndler \u00d6sterreichs <br>(Umsatz EUR 850 Mio. &#8211; 1.400 MitarbeiterInnen)<\/p>\n\n\n\n<p>Als Marketing-Managerin habe ich ein Corporate Identity Handbuch verfasst, eine Corporate Communication (inkl. \u00d6ffentlichkeitsarbeit und Krisen-PR-Vorbereitung) erarbeitet, Mitarbeiter bez\u00fcglich Corporate Behavior geschult, eine Kundenzeitung und Verkaufs-Aktionen initiiert.<\/p>\n<\/div><\/div>\n\n\n\n<div class=\"wp-block-media-text alignwide is-stacked-on-mobile\"><figure class=\"wp-block-media-text__media\"><img loading=\"lazy\" width=\"500\" height=\"250\" src=\"https:\/\/meinekarriere.info\/wp-content\/uploads\/2021\/03\/3-1.jpg\" alt=\"\" class=\"wp-image-1597 size-full\" srcset=\"https:\/\/meinekarriere.info\/wp-content\/uploads\/2021\/03\/3-1.jpg 500w, https:\/\/meinekarriere.info\/wp-content\/uploads\/2021\/03\/3-1-300x150.jpg 300w\" sizes=\"(max-width: 500px) 100vw, 500px\" \/><\/figure><div class=\"wp-block-media-text__content\">\n<p><a href=\"https:\/\/gasthaus-seidl.at\/ausgezeichnet\/\" target=\"_blank\" rel=\"noreferrer noopener\">GASTHAUS SEIDL<br><\/a>in der Ungargasse 63 in WIEN<\/p>\n\n\n\n<p>Lieferservice gibt\u00b4s bei den Seidls normalerweise nicht. Umso wichtiger war es den Kunden mitzuteilen, dass die beiden Chefs des Hauses w\u00e4hrend des Lockdowns pers\u00f6nlich &amp; schnell ausliefern und die mehrfach ausgezeichnete Qualit\u00e4t auch liebevoll verpackt wird.<\/p>\n\n\n\n<p>Der Wunsch war eine puristische, klare Webseite die t\u00e4glich &#8211; je nach Rechtslage &#8211; gewartet wird.  <\/p>\n\n\n\n<p><a href=\"https:\/\/gasthaus-seidl.at\" target=\"_blank\" rel=\"noreferrer noopener\">https:\/\/gasthaus-seidl.at<\/a><\/p>\n<\/div><\/div>\n","protected":false},"excerpt":{"rendered":"<p>ERSTE BANK &#8211; SPARKASSEN GRUPPE Als Projekt-Leiterin war ich f\u00fcr die Umstellung des rot-schwarz-wei\u00dfen Sparkassen-Designs auf das \u00f6sterreichische blau-rote Design verantwortlich und habe die regionalen Sparkassen bei der Umstellung betreut &#8230;<\/p>\n","protected":false},"author":1,"featured_media":0,"parent":0,"menu_order":0,"comment_status":"closed","ping_status":"closed","template":"","meta":[],"_links":{"self":[{"href":"https:\/\/meinekarriere.info\/index.php?rest_route=\/wp\/v2\/pages\/1478"}],"collection":[{"href":"https:\/\/meinekarriere.info\/index.php?rest_route=\/wp\/v2\/pages"}],"about":[{"href":"https:\/\/meinekarriere.info\/index.php?rest_route=\/wp\/v2\/types\/page"}],"author":[{"embeddable":true,"href":"https:\/\/meinekarriere.info\/index.php?rest_route=\/wp\/v2\/users\/1"}],"replies":[{"embeddable":true,"href":"https:\/\/meinekarriere.info\/index.php?rest_route=%2Fwp%2Fv2%2Fcomments&post=1478"}],"version-history":[{"count":4,"href":"https:\/\/meinekarriere.info\/index.php?rest_route=\/wp\/v2\/pages\/1478\/revisions"}],"predecessor-version":[{"id":1602,"href":"https:\/\/meinekarriere.info\/index.php?rest_route=\/wp\/v2\/pages\/1478\/revisions\/1602"}],"wp:attachment":[{"href":"https:\/\/meinekarriere.info\/index.php?rest_route=%2Fwp%2Fv2%2Fmedia&parent=1478"}],"curies":[{"name":"wp","href":"https:\/\/api.w.org\/{rel}","templated":true}]}}

<div class="wp-block-media-text alignwide is-stacked-on-mobile"><figure class="wp-block-media-text__media"><img loading="lazy" width="500" height="250" src="https://meinekarriere.info/wp-content/uploads/2021/03/5.jpg" alt="" class="wp-image-1479 size-full" srcset="https://meinekarriere.info/wp-content/uploads/2021/03/5.jpg 500w, https://meinekarriere.info/wp-content/uploads/2021/03/5-300x150.jpg 300w" sizes="(max-width: 500px) 100vw, 500px" /></figure><div class="wp-block-media-text__content">
<p>ERSTE BANK &#8211; SPARKASSEN GRUPPE</p>



<p>Als Projekt-Leiterin war ich für die Umstellung des rot-schwarz-weißen Sparkassen-Designs auf das österreichische blau-rote Design verantwortlich und habe die regionalen Sparkassen bei der Umstellung betreut (Neuauflage aller Werbemittel und Drucksorten, bauliche Veränderungen, etc.).</p>
</div></div>



<div class="wp-block-media-text alignwide is-stacked-on-mobile"><figure class="wp-block-media-text__media"><img loading="lazy" width="500" height="250" src="https://meinekarriere.info/wp-content/uploads/2021/03/2.jpg" alt="" class="wp-image-1480 size-full" srcset="https://meinekarriere.info/wp-content/uploads/2021/03/2.jpg 500w, https://meinekarriere.info/wp-content/uploads/2021/03/2-300x150.jpg 300w" sizes="(max-width: 500px) 100vw, 500px" /></figure><div class="wp-block-media-text__content">
<p>CAFÈ RESTAURANT BIENENSTICH<br>in Tirol &#8211; abseits jeglicher Laufkundschaft</p>



<p>Als externe Beraterin konnte ich 45% Umsatzsteigerung mittels gezielter Planung aller Werbemaßnahmen (vor allem im Bereich Social-Media), Redesign der Corporate Identity (z.B. Bild-Konzept), Überarbeitung des Speisenkonzeptes, Öffentlichkeitsarbeit, Aufbau regionaler Kooperationen und außergewöhnlicher Themenschwerpunkte (Strand in den Bergen, Flying-Buffet, &#8230;) erreichen!</p>
</div></div>



<div class="wp-block-media-text alignwide is-stacked-on-mobile"><figure class="wp-block-media-text__media"><img loading="lazy" width="500" height="250" src="https://meinekarriere.info/wp-content/uploads/2021/03/1.jpg" alt="" class="wp-image-1481 size-full" srcset="https://meinekarriere.info/wp-content/uploads/2021/03/1.jpg 500w, https://meinekarriere.info/wp-content/uploads/2021/03/1-300x150.jpg 300w" sizes="(max-width: 500px) 100vw, 500px" /></figure><div class="wp-block-media-text__content">
<p><a href="http://www.sehner-immobilien.de/" target="_blank" rel="noreferrer noopener">SEHNER IMMOBILIEN<br></a>Ein damals neu gegründetes Immobilien-Büro am Möhnesee.</p>



<p>Als externe Beraterin konnte ich &#8211; durch den Einsatz kostengünstiger, kreativer Werbemöglichkeiten &#8211; die Marke Sehner Immobilien in der Region bekannt machen.</p>
</div></div>



<div class="wp-block-media-text alignwide is-stacked-on-mobile"><figure class="wp-block-media-text__media"><img loading="lazy" width="500" height="250" src="https://meinekarriere.info/wp-content/uploads/2021/03/6.jpg" alt="" class="wp-image-1482 size-full" srcset="https://meinekarriere.info/wp-content/uploads/2021/03/6.jpg 500w, https://meinekarriere.info/wp-content/uploads/2021/03/6-300x150.jpg 300w" sizes="(max-width: 500px) 100vw, 500px" /></figure><div class="wp-block-media-text__content">
<p>DENZEL AG<br>führender Automobil-Mehrmarkenhändler Österreichs <br>(Umsatz EUR 850 Mio. &#8211; 1.400 MitarbeiterInnen)</p>



<p>Als Marketing-Managerin habe ich ein Corporate Identity Handbuch verfasst, eine Corporate Communication (inkl. Öffentlichkeitsarbeit und Krisen-PR-Vorbereitung) erarbeitet, Mitarbeiter bezüglich Corporate Behavior geschult, eine Kundenzeitung und Verkaufs-Aktionen initiiert.</p>
</div></div>



<div class="wp-block-media-text alignwide is-stacked-on-mobile"><figure class="wp-block-media-text__media"><img loading="lazy" width="500" height="250" src="https://meinekarriere.info/wp-content/uploads/2021/03/3-1.jpg" alt="" class="wp-image-1597 size-full" srcset="https://meinekarriere.info/wp-content/uploads/2021/03/3-1.jpg 500w, https://meinekarriere.info/wp-content/uploads/2021/03/3-1-300x150.jpg 300w" sizes="(max-width: 500px) 100vw, 500px" /></figure><div class="wp-block-media-text__content">
<p><a href="https://gasthaus-seidl.at/ausgezeichnet/" target="_blank" rel="noreferrer noopener">GASTHAUS SEIDL<br></a>in der Ungargasse 63 in WIEN</p>



<p>Lieferservice gibt´s bei den Seidls normalerweise nicht. Umso wichtiger war es den Kunden mitzuteilen, dass die beiden Chefs des Hauses während des Lockdowns persönlich &amp; schnell ausliefern und die mehrfach ausgezeichnete Qualität auch liebevoll verpackt wird.</p>



<p>Der Wunsch war eine puristische, klare Webseite die täglich &#8211; je nach Rechtslage &#8211; gewartet wird.  </p>



<p><a href="https://gasthaus-seidl.at" target="_blank" rel="noreferrer noopener">https://gasthaus-seidl.at</a></p>
</div></div>

<p>ERSTE BANK &#8211; SPARKASSEN GRUPPE Als Projekt-Leiterin war ich für die Umstellung des rot-schwarz-weißen Sparkassen-Designs auf das österreichische blau-rote Design verantwortlich und habe die regionalen Sparkassen bei der Umstellung betreut &#8230;</p>
